s 77255417 a prime number?
True
Is 876929 a prime number?
True
Is 1100399 a prime number?
False
Is 122021333 a composite number?
True
Is 212481631 a prime number?
True
Is 637667 a composite number?
True
Is 117459469 composite?
True
Is 2726411 a composite number?
False
Is 2766511 a composite number?
True
Is 9702697 a composite number?
False
Is 1488947 a composite number?
True
Is 825787 prime?
False
Is 54852551 composite?
True
Is 356575543 a prime number?
True
Is 53216641 a composite number?
True
Is 847907 composite?
True
Is 692821 prime?
True
Is 56952959 prime?
False
Is 20504983 prime?
False
Is 253041 a composite number?
True
Is 17552957 composite?
False
Is 1266341673 composite?
True
Is 208841 a prime number?
False
Is 794069 composite?
True
Is 23849591 prime?
True
Is 782229923 prime?
True
Is 4031589 composite?
True
Is 99333229 composite?
False
Is 1307651 a composite number?
False
Is 171178921 prime?
False
Is 38130047 composite?
True
Is 452161 a prime number?
True
Is 20474743 prime?
True
Is 18595751 prime?
True
Is 1437713 prime?
True
Is 87293 prime?
True
Is 359217533 prime?
False
Is 36252037 a prime number?
True
Is 40837429 a composite number?
False
Is 3091799 a composite number?
False
Is 6039037 prime?
True
Is 739199203 a composite number?
True
Is 161916637 a composite number?
False
Is 19134221 a prime number?
True
Is 1007243201 composite?
True
Is 60739971 a prime number?
False
Is 1688837 a prime number?
True
Is 27463669 prime?
True
Is 8478131 prime?
True
Is 10194297 prime?
False
Is 5801797 a prime number?
True
Is 16891649 composite?
True
Is 104630839 composite?
True
Is 25026767 a prime number?
True
Is 21407521 a composite number?
False
Is 12771697 composite?
True
Is 3066347 a composite number?
False
Is 313381 composite?
False
Is 372797 a prime number?
True
Is 4435549 a composite number?
False
Is 199335949 a composite number?
False
Is 2582581 a composite number?
False
Is 7108117 a prime number?
False
Is 3952867 prime?
False
Is 69073189 a composite number?
True
Is 501283 a composite number?
True
Is 5015965 composite?
True
Is 837319 composite?
True
Is 4982563 a composite number?
False
Is 1777661 prime?
True
Is 3222473 a composite number?
True
Is 17314897 prime?
False
Is 3511007 a prime number?
True
Is 25840921 a composite number?
True
Is 3924589 a prime number?
False
Is 15918247 a composite number?
True
Is 2943911 a prime number?
True
Is 132210865 a composite number?
True
Is 532592561 composite?
True
Is 18149701 a prime number?
True
Is 4335833 a composite number?
True
Is 2624911 composite?
False
Is 48648377 a prime number?
False
Is 6638153 a composite number?
False
Is 232458203 a composite number?
False
Is 90302731 composite?
False
Is 8836195 a prime number?
False
Is 160244737 composite?
True
Is 2160527 a composite number?
False
Is 4891 composite?
True
Is 2972303 prime?
False
Is 97034363 composite?
False
Is 582861577 a composite number?
False
Is 384287 a prime number?
True
Is 16300439 prime?
False
Is 11882609 prime?
False
Is 7074271 a composite number?
True
Is 128813 prime?
True
Is 2538377 composite?
False
Is 11369551 prime?
True
Is 7123729 a composite number?
False
Is 16473299 composite?
False
Is 1942307 a prime number?
True
Is 642973 a composite number?
False
Is 25970363 a composite number?
False
Is 13785689 prime?
True
Is 5826649 a composite number?
True
Is 3612179 a composite number?
False
Is 23545043 composite?
False
Is 39718597 composite?
True
Is 19444955 a composite number?
True
Is 49932107 a prime number?
False
Is 29915213 composite?
False
Is 1904758 prime?
False
Is 15543181 a prime number?
True
Is 1654649 prime?
True
Is 78482351 composite?
False
Is 7418131 a prime number?
False
Is 9961433 composite?
True
Is 130391647 a composite number?
False
Is 32193817 prime?
True
Is 7707403 prime?
False
Is 4199633 prime?
True
Is 72151 a composite number?
True
Is 47704549 prime?
True
Is 125376227 prime?
True
Is 4951411 a prime number?
False
Is 363319963 composite?
False
Is 79018579 a prime number?
True
Is 324019 prime?
False
Is 296764669 a prime number?
True
Is 401076059 prime?
True
Is 3707327 a prime number?
False
Is 29579551 prime?
True
Is 83970151 composite?
False
Is 161696009 a prime number?
True
Is 207498443 composite?
True
Is 917599 prime?
False
Is 24429083 a composite number?
True
Is 31931059 a composite number?
True
Is 186200023 composite?
False
Is 11202479 a composite number?
False
Is 44044423 composite?
False
Is 471839 composite?
True
Is 6476293 composite?
False
Is 2230577 prime?
True
Is 181401533 a prime number?
False
Is 4058177 prime?
False
Is 53717767 prime?
True
Is 790458013 a prime number?
True
Is 2461699 a composite number?
True
Is 2227129 a prime number?
True
Is 361318633 a composite number?
True
Is 23302153 a composite number?
True
Is 60908461 a prime number?
False
Is 6198277 a composite number?
True
Is 1408987 a prime number?
True
Is 35044423 a prime number?
True
Is 33353573 a prime number?
False
Is 7557481 a composite number?
True
Is 14035555 a composite number?
True
Is 228093 a composite number?
True
Is 1212259121 composite?
True
Is 12759389 composite?
False
Is 8303821 prime?
True
Is 8185027 prime?
True
Is 273573583 prime?
True
Is 18284969 prime?
False
Is 799861 a composite number?
True
Is 4980067 a prime number?
True
Is 27157301 composite?
False
Is 10426703 a composite number?
True
Is 4045481 a composite number?
True
Is 10303221 prime?
False
Is 41811667 prime?
True
Is 15105787 a composite number?
False
Is 47226271 prime?
False
Is 408908009 prime?
False
Is 4819579 a prime number?
True
Is 1811387 a prime number?
True
Is 117029923 a prime number?
False
Is 84537001 a prime number?
False
Is 24963239 composite?
True
Is 31907041 a prime number?
True
Is 19802191 a prime number?
True
Is 423450281 composite?
False
Is 12338023 a composite number?
True
Is 2366743 a composite number?
False
Is 1002241 prime?
True
Is 85605295 a composite number?
True
Is 2456087 a prime number?
True
Is 1819333 prime?
True
Is 3800621 a composite number?
True
Is 2403893 a composite number?
True
Is 17816297 a composite number?
False
Is 442341391 prime?
True
Is 8140571 composite?
False
Is 836242031 a composite number?
False
Is 38335859 a prime number?
False
Is 52286051 a prime number?
True
Is 7945661 a composite number?
False
Is 2570513 composite?
True
Is 34011865 prime?
False
Is 1403413 composite?
True
Is 8742113 a composite number?
True
Is 69629269 a composite number?
False
Is 94473733 composite?
False
Is 3880946 a prime number?
False
Is 85829599 prime?
True
Is 76755397 a prime number?
True
Is 1050713 composite?
False
Is 95057 a prime number?
False
Is 155518481 a composite number?
True
Is 32373485 prime?
False
Is 3555059 a composite number?
False
Is 43625287 prime?
True
Is 716001323 a prime number?
True
Is 114701 a prime number?
False
Is 244650907 composite?
True
Is 227827 prime?
True
Is 64729843 composite?
True
Is 42045581 composite?
False
Is 31290527 prime?
False
Is 895199 prime?
False
Is 17655029 composite?
True
Is 5253199 composite?
True
Is 1150606 prime?
False
Is 30278273 composite?
False
Is 18449797 prime?
True
Is 15261881 composite?
True
Is 156053 composite?
True
Is 44184913 a prime number?
True
Is 60554339 composite?
False
Is 329091701 a composite number?
True
Is 385180949 prime?
True
Is 5064401 prime?
True
Is 6170037 a prime number?
False
Is 714485 prime?
False
Is 25337293 prime?
False
Is 1131859 a prime number?
False
Is 68825899 a composite number?
False
Is 990395251 prime?
True
Is 676835 a prime number?
False
Is 36810047 prime?
True
Is 20600443 a composite number?
True
Is 4639417 prime?
False
Is 44953123 prime?
True
Is 6616751 a prime number?
True
Is 136115599 a prime number?
True
Is 708283 composite?
False
Is 226844291 prime?
True
Is 7578343 prime?
True
Is 2437633 a prime number?
False
Is 29652769 prime?
True
Is 390086531 prime?
True
Is 49002377 a composite number?
False
Is 115747139 a composite number?
False
Is 235476481 a prime number?
False
Is 707153 a prime number?
True
Is 76143553 prime?
True
Is 52082219 prime?
False
Is 202282 prime?
False
Is 810500813 a prime number?
True
Is 25269 prime?
False
Is 299755 prime?
False
Is 15955463 a composite number?
False
Is 50607086 composite?
True
Is 317711 a composite number?
False
Is 328243361 a prime numbe